3). Let t(q) = -r - 13*q - 5 + 16. What is the tens digit of t(-9)?
1
Suppose -13*l = -24*l + 33. Suppose -2*n + 2556 = 2*n + l*s, -4*n - 5*s + 2556 = 0. What is the hundreds digit of n?
6
Suppose -80*c + 35232 = -34768. What is the hundreds digit of c?
8
Let u(l) = -l**3 + 44*l**2 - 27*l - 308. What is the units digit of u(42)?
6
Suppose -41*i = -1662021 + 457072. What is the ten thousands digit of i?
2
Let q = 279 + 392. Suppose -399 = -3*y + 4*l + 112, -4*y = 5*l - q. What is the tens digit of y?
6
Suppose 222*l + 1393 = 229*l. Let z = -45 + l. What is the units digit of z?
4
Let u = 15205 - 9569. What is the tens digit of u?
3
Let z = 331 - 167. Suppose 278 + 927 = 5*s. Let g = s - z. What is the units digit of g?
7
Let d = 83 - 79. Suppose 0*y = -d*y + 2752. What is the tens digit of y?
8
Let x(p) = 5*p**2 - 2*p - 64. Let f be x(-9). What is the hundreds digit of f/3 + (-220)/132?
1
Suppose 0 = l - 3*m - 16 - 3, -2*l - 3*m - 7 = 0. Suppose -5*i = -2*u - 10, 4*u - 3 = l*i + 1. Suppose i*j - 205 = 99. What is the units digit of j?
6
Suppose -4*h - 3*j = -4682, h = -3*j + 802 + 355. What is the thousands digit of h?
1
Let q be 2/4 - 68/8. Let y = q + 2. Let v(o) = 6*o**2 + 16*o + 7. What is the units digit of v(y)?
7
Let o = -650 + 1107. Suppose 4*k - 775 = o. What is the tens digit of k?
0
Suppose 2*o + c = -2*c - 1904, o + 4*c + 957 = 0. Let r = -314 - o. What is the hundreds digit of r?
6
What is the thousands digit of 23598/2 + (-25 - (19 - 43))?
1
Let w = 512 + -479. Suppose 25*l + 11824 = w*l. What is the units digit of l?
8
Suppose -9*l - 12188 = 2*l. What is the hundreds digit of (l/12)/((-4)/24)?
5
Let l(c) = 5*c**3 - 3*c**2 + 5*c - 2. Let g(d) = -d**3 + d**2 + 1. Let f(i) = -4*g(i) - l(i). Let p be f(3). Let v = -40 - p. What is the units digit of v?
3
Let n(z) = 2675*z - 1325. What is the units digit of n(6)?
5
Let s = 4441 - -7567. What is the ten thousands digit of s?
1
Suppose 26 = -4*w + 1018. Suppose -11*h + 16*h = -3*g + w, -g - 5*h = -86. What is the tens digit of g?
8
Let u(y) = 10*y - 227. Suppose d - 39 = 8*k - 4*k, 3*d - 108 = 3*k. What is the hundreds digit of u(d)?
1
Let z(j) = -10*j + 9. Let b be z(-7). Let y = 210 + -210. Suppose 5*i - b - 21 = y. What is the units digit of i?
0
Let b(u) = u**2 - 2*u - 7. Let p be b(-3). Let r(y) = 2*y**2 - 18*y - p + y**2 + 2*y**2. What is the units digit of r(8)?
8
Suppose 3*l - 8*l = 0, -4*t - 2*l = -540. Let b = -92 + t. What is the units digit of b?
3
Let o be (-2)/(-3)*(-729)/162. Let m = -86 + 151. What is the tens digit of m/(-3)*o - 3?
6
Let l(u) = 5*u - 39. Let i be l(9). Suppose 4*z - 5*a - 53 = 0, i*z - 2*z = 3*a + 51. Let x = z + 175. What is the tens digit of x?
8
Let g = 15 - -8. Suppose 21*j = g*j - 10. What is the units digit of 4/j + (2 - 216/(-30))?
0
Suppose 5*q - 20 = -4*i + 6*q, 4*q + 36 = 5*i. Suppose 55 = i*p - 1361. What is the hundreds digit of p?
3
Suppose 2*y = -24 + 44. What is the units digit of y?
0
Let b(s) = 212*s**2 + 283*s + 2276. What is the tens digit of b(-8)?
8
Let g = 23 + -19. Let w(f) = 4*f**2 - 6. Let y be w(g). Let s = 3 + y. What is the tens digit of s?
6
Let t = -250 + 250. Let k(x) = x**3 - 6*x**2 - 2*x + 6. Let b be k(6). What is the tens digit of b + 74 - (1 - t)?
6
Let w(r) = 112*r**3 + 10*r**2 + 12*r + 79. What is the ten thousands digit of w(6)?
2
Let n(o) = -43*o + 24. Let q be 2/((-2)/(-1)) - (-14)/(-2). What is the units digit of n(q)?
2
Let h(a) = 2*a**2 - 16*a + 135. Let z(b) = -2*b - 8. Let w be z(-10). What is the hundreds digit of h(w)?
2
Let h be 4*(-2)/(-28) + 21655/35. Let t = h - 258. Suppose -3*u = -5*k + 126 + 322, 0 = -4*k + 5*u + t. What is the units digit of k?
9
Let g(t) = 2*t**2 + 9*t - 3. Let p be g(-5). Suppose -3*h = -3*d + 30, -p*d + d + 12 = h. Let m(f) = f**2 - f - 41. What is the units digit of m(d)?
9
Let m(n) = -4*n + 24. Let b be m(6). Suppose b = -9*z + 6*z + 21. Suppose -z*t + 59 = -6*t. What is the tens digit of t?
5
Suppose 11 - 53 = -7*i. Let p be (3/i)/(7/84). Let z(b) = -b**2 + 8*b + 12. What is the tens digit of z(p)?
2
Let z(u) be the first derivative of 93*u**3 - 3*u**2 - 7*u - 6. What is the hundreds digit of z(-1)?
2
What is the tens digit of ((-54)/(-81))/(3/17937)?
8
Let l(x) = 2*x**2 - 28*x + 1. Let w be l(14). What is the tens digit of (-2710)/(-30) - w/3?
9
Let z be (-7)/((-7)/55) + -1. Let a = -109 + z. Let i = a + 67. What is the units digit of i?
2
Suppose -150825 = -12*j + 154094 - 49487. What is the thousands digit of j?
1
Suppose t = -0*t - 5*k + 78, 3*k - 82 = -t. Let j = -7 + 131. Let f = j - t. What is the tens digit of f?
3
Let v(w) = -208*w + 267. Let m(d) = -203*d + 268. Let f(h) = -4*m(h) + 3*v(h). What is the tens digit of f(6)?
5
Suppose 6*k = 9*k + v - 129956, 3*k + 3*v = 129948. What is the hundreds digit of k?
3
Let d(m) = m**3 - 3*m**2 + m + 39. Let v(f) = f**2 + 12*f - 75. Let c be v(-17). What is the units digit of d(c)?
9
Let y = 48 + 30. Suppose 0 = 44*h - 1638 - y. What is the tens digit of h?
3
Let o(s) = 57*s**2 - 2*s - 1. Suppose 4*g - 17 = 7. Let w be 63/(-77) + g/(-33). What is the tens digit of o(w)?
5
Let h(i) = -3*i**3 - 11*i**2 - 12*i + 32. Let r(a) = -4*a**3 - 10*a**2 - 13*a + 33. Let j(y) = -5*h(y) + 4*r(y). What is the units digit of j(13)?
4
Let d(o) = o**3 + 7*o**2 - 10. Let h be d(-7). Let s(b) = -49*b + 19. Let c(p) = -34*p + 19. Let t(m) = -4*c(m) + 3*s(m). What is the units digit of t(h)?
1
Suppose 59139 = -27*f + 16641. Suppose 2*m = 34 - 266. What is the units digit of f/(-12) - (m/24 - -5)?
1
Suppose 69*q + 22*q - 348348 = 0. What is the hundreds digit of q?
8
Let d(k) = -40*k**3 + 2*k**2 + 7*k - 12. Let r be d(3). What is the tens digit of (-10)/3*r/13?
7
Let d(a) = 11307*a**3 - 3*a**2 + 16*a - 16. What is the hundreds digit of d(1)?
3
Let g = -12 - -23. Let l(p) = p**2 - 14*p + 4. Let k be l(g). Let f = 72 + k. What is the tens digit of f?
4
Suppose 106*n = 5192712 + 935148. What is the units digit of n?
0
Let n(f) = 5*f**2 - 8*f + 21. Suppose g - 64 = 5*g. What is the hundreds digit of n(g)?
4
Suppose 30*z - 59 = 91. Suppose 3*x - z*k = 20, -5*x + 0*x = 5*k - 100. What is the tens digit of x?
1
Let v be 2/8 + 322/56. Let b(g) = 26 - v - g + 9*g + 5*g. What is the units digit of b(4)?
2
Suppose 342528 = 270*z - 238*z. What is the tens digit of z?
0
What is the units digit of ((-1124)/(-4))/((70/(-315))/((-148)/6))?
1
Let w = 40 + -42. Let b be (12/15 - 4)/(w/25). Suppose d - 31 = b. What is the units digit of d?
1
Suppose -s = 3*s - 40. Let a(l) = 4*l**2 - l - 18. Let n be a(s). Suppose -4*r = 3*p + 2*p - 620, -3*p + 5*r + n = 0. What is the tens digit of p?
2
Suppose 59*u - 62*u = m - 82100, 4*u = -3*m + 109470. What is the thousands digit of u?
7
Suppose 0 = -2*z - 4*x + 76, -142 = -3*z + 5*x - 4*x. Suppose 1841 = -39*p + z*p. What is the tens digit of p?
6
Suppose -22 = 5*b - 142. Let p be (2 - 5)*992/b. Let l = -66 - p. What is the tens digit of l?
5
Let s(f) be the first derivative of -7/2*f**2 + 4*f - 7. What is the tens digit of s(-11)?
8
Let k(w) = 959*w + 521. What is the ten thousands digit of k(21)?
2
Let z = 8059 - 5392. Suppose 2*f = 259 + z. What is the units digit of f?
3
Let s(k) = 17*k - 59*k - 59 + 174 + 104*k**2 + 59 - 23*k**2. What is the units digit of s(4)?
2
Suppose 18563 = 19*c - 14*c + w, 0 = 4*c - w - 14854. What is the tens digit of c?
1
Suppose 6*q - 4329 - 717 = 0. What is the units digit of q?
1
Let t(w) = 5*w - 1. Let a be t(1). Let c be 910/77 - a/(-22). What is the tens digit of c/(-4) + 2 - 0 - -48?
4
Suppose 0 = 2*j - 5*w - 14137, 5*w = -3*j + 12977 + 8166. Suppose -20*h + 6684 = -j. What is the units digit of h?
7
Let f be (-6)/(-12)*(-1 + 7) - -1. Suppose 2*d + 8 = 2, -f*d = -3*l + 12. Suppose -2*q = 2*y - 288, -2*q + l*y + 291 = y. What is the units digit of q?
7
What is the thousands digit of ((-23238576)/88)/(-18) - (2 + (-24)/11)?
4
Suppose -11*n + 119646 = -n + 8*n. What is the thousands digit of n?
6
Let h(a) = -155*a**2 - 2*a - 1. Let m be h(-1). Let b(q) = 5*q**3 + 191*q**2 + 33*q + 54. Let y be b(-38). Let u = m + y. What is the units digit of u?
0
Let m = -105 - -30. Let f = 78 + m. Suppose 0 = 4*h + 3*i - 199, -2*i = -5*h + f*i + 240. What is the units digit of h?
9
Let z = -35 - -64. Let